
167
Calculate the highest common factor of 266560 and 5270.
170
Calculate the highest common factor of 46593 and 6761997.
1503
What is the greatest common divisor of 386364 and 4884?
132
Calculate the highest common factor of 74198016 and 81.
9
What is the highest common divisor of 170 and 2108595?
85
Calculate the greatest common divisor of 14724620 and 220.
20
What is the highest common factor of 44128 and 2253286?
2758
What is the greatest common divisor of 864 and 50597784?
216
What is the greatest common factor of 2830 and 45475270?
2830
Calculate the greatest common divisor of 153915 and 19189.
31
What is the greatest common factor of 161412 and 3732?
12
Calculate the greatest common factor of 71685 and 11873160.
2655
Calculate the highest common divisor of 6846975 and 195.
15
What is the greatest common factor of 86421 and 5493?
3
What is the greatest common divisor of 66505502 and 1036?
518
Calculate the greatest common divisor of 385600 and 491200.
1600
Calculate the highest common factor of 4376 and 133528.
8
Calculate the highest common factor of 99005945 and 61245.
6805
What is the highest common divisor of 533 and 119908969?
41
Calculate the highest common factor of 2438 and 11491513.
1219
Calculate the highest common divisor of 42689776 and 1687.
241
What is the greatest common factor of 754 and 1848106?
26
What is the highest common factor of 19781652 and 36?
12
Calculate the highest common divisor of 1576432 and 5042791.
8957
What is the greatest common factor of 17865 and 237558845?
1985
What is the highest common factor of 219090860 and 20?
20
What is the highest common divisor of 2242525 and 91687?
331
What is the greatest common factor of 317817 and 873?
9
What is the highest common divisor of 125 and 39086660?
5
Calculate the greatest common factor of 261 and 1248653.
29
What is the highest common divisor of 49764919 and 5421?
139
What is the greatest common divisor of 22 and 5842034?
22
What is the highest common factor of 65305215 and 61641?
6849
What is the greatest common factor of 203773179 and 4893?
699
What is the highest common divisor of 1376 and 66091?
43
What is the highest common factor of 18391637 and 374?
187
Calculate the highest common factor of 108288 and 386904.
1128
What is the highest common divisor of 796359 and 1023?
93
Calculate the greatest common divisor of 5656 and 176600.
8
What is the highest common factor of 3824 and 1160465456?
3824
Calculate the highest common divisor of 42 and 166232458.
14
What is the highest common divisor of 68608 and 17035152?
1072
What is the highest common factor of 5026 and 1135218?
14
What is the highest common factor of 3640 and 20877080?
280
Calculate the highest common factor of 34219266 and 323.
323
What is the greatest common factor of 604000 and 32500?
500
Calculate the greatest common factor of 10513225 and 400.
25
What is the greatest common factor of 2714 and 57284398?
2714
Calculate the highest common factor of 773330 and 146030.
170
Calculate the greatest common factor of 19486207 and 169.
169
Calculate the greatest common factor of 2451778 and 2555.
511
Calculate the highest common factor of 98523779 and 41.
41
Calculate the highest common divisor of 13432741 and 235.
47
Calculate the highest common divisor of 17028313 and 564547.
13129
What is the greatest common divisor of 913869200 and 300?
100
What is the highest common divisor of 667 and 19453722?
667
Calculate the highest common divisor of 69932876 and 14872.
676
Calculate the highest common factor of 40 and 52674910.
10
Calculate the highest common factor of 355 and 1662607.
71
Calculate the highest common factor of 945 and 276472035.
945
Calculate the highest common divisor of 3643666 and 52.
26
What is the greatest common factor of 2937550 and 2?
2
Calculate the highest common divisor of 46880569 and 7311.
2437
Calculate the highest common divisor of 23580088 and 527.
527
What is the greatest common factor of 192918063 and 2535?
507
Calculate the highest common factor of 24161104 and 8448.
176
Calculate the greatest common factor of 3307577000 and 380.
380
What is the highest common factor of 4553008343 and 1027?
1027
Calculate the greatest common divisor of 1160173568 and 272.
272
Calculate the highest common divisor of 74880 and 17870.
10
What is the highest common factor of 337 and 77492813?
337
Calculate the highest common factor of 5250 and 255550.
50
What is the highest common factor of 110160 and 923760?
720
What is the greatest common factor of 1441417591 and 2918?
1459
Calculate the greatest common factor of 23247648 and 516.
12
What is the highest common factor of 7 and 23729958?
7
Calculate the greatest common factor of 108 and 5364396.
36
What is the highest common divisor of 835212 and 122244?
732
Calculate the greatest common divisor of 329 and 237857459.
329
What is the greatest common factor of 69894904 and 64?
8
What is the highest common factor of 1034 and 7369412?
94
Calculate the greatest common factor of 132 and 148096036.
44
Calculate the highest common factor of 133 and 12065.
19
What is the highest common factor of 544 and 2208?
32
Calculate the highest common divisor of 1548 and 13034.
2
What is the highest common divisor of 518871069 and 37085?
7417
Calculate the greatest common factor of 872 and 104204.
436
What is the highest common divisor of 96 and 15734464?
32
What is the highest common factor of 1004 and 1162628?
4
What is the highest common factor of 16457 and 36134?
7
What is the highest common factor of 11684 and 290773866?
5842
Calculate the highest common divisor of 35626924 and 12964.
1852
Calculate the highest common divisor of 22660720 and 33040.
4720
What is the greatest common factor of 116 and 3650926?
58
Calculate the greatest common divisor of 472158 and 889848.
306
Calculate the greatest common factor of 160845 and 5595.
15
What is the greatest common factor of 93106885 and 15715?
2245
Calculate the greatest common divisor of 26985507 and 37878.
321
What is the highest common divisor of 36960 and 1827056?
1232
Calculate the greatest common factor of 111560409 and 1377.
1377
What is the highest common divisor of 44 and 160298864?
44
Calculate the highest common factor of 3430979 and 69.
23
What is the highest common divisor of 6576 and 307118928?
6576
What is the greatest common divisor of 356 and 111264863?
89
What is the greatest common factor of 111295635 and 9825?
1965
What is the greatest common divisor of 65254841 and 23?
23
Calculate the highest common divisor of 32785 and 871085.
415
Calculate the highest common divisor of 11755590 and 39690.
1470
Calculate the highest common divisor of 64780 and 106272.
164
Calculate the greatest common factor of 162268225 and 1257.
419
Calculate the highest common divisor of 99960 and 2342760.
840
Calculate the greatest common divisor of 25992 and 4977.
9
Calculate the highest common factor of 10120 and 1027640.
920
Calculate the highest common factor of 579075 and 80.
5
Calculate the greatest common divisor of 693876 and 98474.
106
Calculate the highest common divisor of 999 and 117083133.
333
What is the highest common factor of 4954 and 229622854?
4954
Calculate the greatest common divisor of 123121120 and 160.
160
What is the greatest common divisor of 11385 and 41675535?
495
What is the highest common factor of 32 and 780536?
8
Calculate the greatest common factor of 2 and 16597.
1
What is the greatest common divisor of 20 and 21799340?
20
What is the greatest common divisor of 1252485815 and 5635?
5635
Calculate the greatest common divisor of 270 and 18126018.
54
Calculate the greatest common divisor of 56996 and 72.
4
What is the greatest common divisor of 6573193 and 22?
11
Calculate the highest common factor of 676 and 18249803.
169
What is the greatest common divisor of 11656 and 463928?
8
What is the highest common factor of 452782 and 7018?
242
Calculate the highest common divisor of 3565 and 48119440.
155
What is the greatest common factor of 1740 and 331725780?
1740
Calculate the highest common factor of 3582750 and 7820.
170
What is the greatest common divisor of 17522342 and 17?
17
What is the greatest common divisor of 106929 and 291?
3
What is the greatest common factor of 2529248328 a